and 8077?
197
Calculate the highest common factor of 3379155 and 1690.
845
Calculate the greatest common divisor of 3520 and 3376.
16
What is the greatest common factor of 114 and 181203?
57
What is the greatest common divisor of 39125 and 7199?
313
Calculate the greatest common factor of 35562 and 32.
2
Calculate the highest common divisor of 1540011 and 3036.
759
Calculate the highest common divisor of 901 and 595.
17
Calculate the highest common factor of 1775700 and 300.
300
What is the greatest common factor of 67375 and 44?
11
What is the highest common divisor of 132 and 547052?
44
What is the highest common divisor of 66878 and 1405?
281
Calculate the greatest common factor of 66 and 18898.
22
Calculate the highest common divisor of 315 and 11928.
21
What is the highest common factor of 675 and 3996?
27
What is the greatest common factor of 33696 and 2484?
108
What is the greatest common divisor of 85212 and 156?
12
What is the greatest common divisor of 30282 and 618?
618
Calculate the highest common factor of 3 and 16914.
3
Calculate the highest common factor of 262702 and 22.
22
What is the highest common factor of 15 and 12288?
3
What is the highest common factor of 2020 and 2540?
20
Calculate the greatest common factor of 37825 and 100.
25
Calculate the greatest common factor of 1700 and 820.
20
Calculate the greatest common divisor of 2712 and 24747.
339
Calculate the greatest common divisor of 4090463 and 13.
13
What is the greatest common factor of 42 and 8676?
6
What is the highest common factor of 24 and 10326?
6
What is the greatest common factor of 9522 and 18?
18
Calculate the greatest common factor of 335 and 10519.
67
What is the highest common divisor of 81655 and 210?
35
What is the highest common factor of 1006064 and 4540?
908
Calculate the greatest common divisor of 7 and 1021.
1
What is the highest common divisor of 7775 and 5598?
311
Calculate the highest common factor of 90 and 135360.
90
What is the greatest common divisor of 81 and 28269?
81
What is the highest common divisor of 2496 and 2172?
12
What is the greatest common factor of 202629 and 21?
21
What is the greatest common factor of 40 and 5470?
10
What is the highest common factor of 1457 and 361367?
31
What is the greatest common factor of 6815094 and 338?
338
Calculate the highest common factor of 2709 and 159057.
387
What is the greatest common factor of 1066 and 731809?
533
Calculate the highest common factor of 234 and 374712.
78
What is the greatest common divisor of 68 and 1998180?
68
What is the greatest common factor of 178 and 530173?
89
Calculate the greatest common divisor of 48 and 166296.
24
What is the highest common factor of 125 and 200975?
25
Calculate the greatest common divisor of 2452569 and 84.
21
What is the highest common divisor of 270 and 57402?
54
What is the greatest common factor of 208 and 645762?
26
Calculate the highest common divisor of 2977 and 34579.
229
Calculate the highest common factor of 21255 and 126165.
195
Calculate the highest common factor of 180 and 220230.
90
What is the highest common divisor of 65 and 15353?
13
What is the greatest common factor of 5442 and 714?
6
What is the highest common divisor of 23084 and 4975?
199
What is the greatest common factor of 44 and 9996404?
44
What is the highest common factor of 2285605 and 1862?
931
Calculate the highest common divisor of 3397 and 45365.
43
Calculate the greatest common divisor of 3074 and 689.
53
Calculate the greatest common divisor of 725 and 106459.
29
Calculate the highest common factor of 61598 and 76.
38
Calculate the highest common factor of 176360 and 280.
40
Calculate the greatest common divisor of 5255 and 55.
5
What is the highest common divisor of 48 and 6895368?
24
Calculate the highest common factor of 20 and 278.
2
Calculate the greatest common factor of 1287 and 6039.
99
Calculate the greatest common factor of 13464 and 14850.
198
What is the greatest common divisor of 3792 and 37841?
79
Calculate the greatest common divisor of 10025 and 10.
5
What is the highest common divisor of 3772 and 3116?
164
Calculate the highest common divisor of 27980 and 6000.
20
What is the highest common factor of 47449 and 529?
23
Calculate the greatest common factor of 696 and 402.
6
What is the greatest common factor of 51 and 4473?
3
Calculate the highest common factor of 9408 and 127596.
588
Calculate the greatest common factor of 31124 and 23092.
1004
Calculate the greatest common divisor of 329 and 8141.
7
Calculate the highest common factor of 528 and 33528.
264
What is the highest common divisor of 19856 and 125936?
272
What is the greatest common factor of 26229 and 441?
21
Calculate the greatest common factor of 639 and 312684.
213
What is the greatest common divisor of 387 and 27639?
9
Calculate the highest common divisor of 202401 and 387.
387
What is the greatest common factor of 34065 and 2070?
45
What is the highest common divisor of 147 and 287385?
147
What is the highest common factor of 18 and 331470?
18
Calculate the highest common factor of 2265 and 191166.
453
Calculate the greatest common factor of 159533 and 33.
11
Calculate the highest common factor of 80 and 160.
80
Calculate the highest common divisor of 6390 and 26280.
90
What is the highest common factor of 3939 and 22119?
303
What is the highest common divisor of 11037157 and 38?
19
What is the highest common divisor of 234 and 457717?
13
What is the highest common divisor of 94948 and 84?
28
What is the highest common factor of 77425 and 6075?
25
What is the greatest common factor of 1320 and 102630?
330
What is the highest common factor of 162 and 34290?
54
Calculate the highest common factor of 671943 and 2412.
201
Calculate the greatest common factor of 448 and 14616.
56
What is the highest common factor of 432642 and 84?
42
What is the highest common divisor of 84 and 2884?
28
Calculate the greatest common factor of 133 and 7733.
19
Calculate the greatest common factor of 1397 and 14418437.
1397
What is the greatest common factor of 774 and 463626?
774
Calculate the highest common divisor of 12255 and 480.
15
Calculate the greatest common divisor of 36 and 105246.
18
What is the highest common factor of 55898 and 4750?
38
Calculate the greatest common factor of 33812 and 2923.
79
Calculate the greatest common factor of 781 and 37701.
71
What is the greatest common divisor of 398635 and 11763?
1307
What is the highest common divisor of 16666 and 439726?
1282
Calculate the highest common factor of 488 and 3233.
61
What is the greatest common factor of 12243 and 9471?
231
What is the highest common factor of 64 and 97792?
64
What is the greatest common divisor of 8 and 955412?
4
Calculate the greatest common divisor of 574882 and 308.
154
What is the greatest common factor of 546 and 4498?
26
What is the greatest common divisor of 57 and 9774?
3
What is the greatest common divisor of 738 and 36?
18
Calculate the highest common divisor of 5548 and 70956.
292
What is the greatest common factor of 230 and 76728?
46
Calculate the greatest common factor of 2005 and 131127.
401
Calculate the greatest common divisor of 549 and 15417.
9
Calculate the highest common divisor of 4550 and 4270.
70
Calculate the greatest common divisor of 773172 and 108.
108
What is the highest common factor of 384 and 79176?
24
Calculate the greatest common factor of 3706 and 544.
34
What is the greatest common factor of 227760 and 40?
40
What is the greatest common factor of 56 and 89684?
28
Calculate the highest common factor of 857505 and 330.
165
Calculate the greatest common factor of 8651 and 369.
41
Calculate the greatest common factor of 2650950 and 30.
30
Calculate the highest common divisor of 92 and 18331.
23
What is the highest common divisor of 6750116 and 534?
178
Calculate the highest common divisor of 5565 and 92855.
35
Calculate the greatest common divisor of 73728 and 684.
36
Calculate the highest common factor of 1680 and 3675.
105
Calculate the highest common divisor of 366130 and 246.
82
What is the highest common factor of 111897 and 24?
3
Calculate the greatest common factor of 1868 and 577679.
467
Calculate the greatest common factor of 1062 and 1368.
18
What is the highest co